 be (8/6)/((-28)/(-42)). Calculate the greatest common factor of c and 6.
2
Suppose -2*b = -4*w + 3*b + 56, -w + 1 = 2*b. Let i be (-14)/(-8) + (-3)/(-12). Let f be i/w - 394/(-9). What is the highest common divisor of 11 and f?
11
Suppose 4*j = -5*i + 160, 5*i - 93 = j + 92. Let l be (i/48)/((-6)/(-16)). What is the highest common factor of 18 and l?
2
Suppose 39 - 15 = 4*q. What is the greatest common divisor of q and 54?
6
Let g(b) = -b**3 - 4*b**2 + 4*b + 2. Let s be g(-5). What is the highest common factor of 1 and s?
1
Let m be -60*(8/(-12))/1. What is the greatest common divisor of m and 8?
8
Suppose 0 = -4*x - 5*w + 64, 5*x = -12*w + 7*w + 75. Calculate the highest common factor of 22 and x.
11
Suppose -3*q = 41 - 155. Calculate the greatest common divisor of q and 19.
19
Let k be (-5)/((-35)/10 - -3). What is the highest common factor of k and 30?
10
Suppose 7 + 1 = j. Let d(f) = -6*f**2 - 6*f. Let p(o) = o**2 - 1. Let l(v) = -d(v) - 4*p(v). Let r be l(-5). Calculate the highest common factor of r and j.
8
Let x be 5/(10/(-6)) + 13. What is the greatest common factor of 60 and x?
10
Let v be 3 + (-3 - -1 - -2). Suppose w - 112 = -d, v*d - 5*w - 210 = d. Calculate the greatest common divisor of 11 and d.
11
Suppose -53 = -4*c - 17. Let v = c + -8. What is the greatest common divisor of v and 5?
1
Let c(f) = -f**2 + 5*f + 8. Let y be c(6). Suppose 5 + 1 = y*o. What is the greatest common factor of o and 33?
3
Suppose 5*h - 3 = -b - 11, 0 = -b + 2. Let k be h/((-3)/(9/2)). Suppose 0 = 3*a + 6, 5*l - k*a - 56 = -0*a. Calculate the greatest common factor of l and 2.
2
Suppose -2*q - 3*q + 1205 = 0. Let y = q - 76. What is the greatest common factor of 15 and y?
15
Let o(j) = 2*j + 7. Let l(b) = b + 4. Let v be l(5). Let s = v - 4. Let t be o(s). Calculate the greatest common divisor of t and 68.
17
Let y = -5 - -26. Suppose 0 = -3*m - j + 22, 0 = 3*m - 4*m + j + 6. What is the greatest common divisor of y and m?
7
Let q(p) = p + 1. Let u be q(4). Suppose 0 = -u*o + 22 - 7. Let j be o + -2 + (13 - 3). Calculate the highest common divisor of j and 22.
11
Let c(q) be the first derivative of 3*q**2 + 2. Let b be c(2). Calculate the greatest common divisor of 12 and b.
12
Let f(p) = -p + 4. Let v be (-6)/15 - (-47)/5. Let i be f(v). Let y = i + 8. What is the greatest common factor of 27 and y?
3
Suppose -6*a = -3*a. Suppose -4*w + 12 + a = 0. Suppose -w*k - 400 = -8*k. Calculate the greatest common factor of k and 32.
16
Let u = 284 - 132. Suppose -t + 351 = -5*g + 18, -3*t + 195 = -3*g. Let l = -48 - g. What is the highest common divisor of l and u?
19
Let a(l) = 8*l**3 + 3*l**2 + 4*l - 2. Let p be a(3). What is the greatest common factor of p and 23?
23
Suppose 0 = 5*z - 5*v - 25, -v - 2*v = -15. Let l be (-6)/(2 + 33/(-15)). Calculate the greatest common divisor of z and l.
10
Let l = 89 - 58. What is the greatest common factor of l and 341?
31
Let z = 8 + -5. Suppose -z*p = -5*p + 136. Calculate the highest common divisor of p and 17.
17
Let l be -1 - -2 - (-418 - -3). Calculate the highest common divisor of l and 26.
26
Suppose 0 = -g + q - 6*q + 212, 2*g = 3*q + 359. What is the greatest common factor of 17 and g?
17
Let g(u) = -26*u - 1. Let c(a) = a**2 + 5*a - 1. Let z be c(-5). Let m be g(z). Calculate the greatest common factor of 5 and m.
5
Suppose 3*r = -3*j + 5*j - 18, -44 = 4*r + 4*j. Let i be (-1142)/r + (-2)/(-8). What is the greatest common factor of 13 and i?
13
Suppose 693 = 9*t + 63. Calculate the highest common factor of 14 and t.
14
Suppose 23 + 19 = 3*y. Suppose -4*w - w = 0. Suppose -2*z + w*z + 5*s = -308, 0 = -3*s. What is the greatest common divisor of z and y?
14
Let o = -14 - -26. Suppose -4*u = -5*u + 12. Calculate the highest common divisor of u and o.
12
Suppose i + 2 = -22. Let l be (-6)/i + (-23)/(-4). What is the highest common factor of l and 15?
3
Suppose -140 = -3*j - 95. Calculate the highest common factor of j and 30.
15
Let j(w) = -w + 13. Let l be j(7). What is the highest common factor of l and 30?
6
Suppose 2*l + 4 = w + 7, l = w + 2. Suppose -l = -3*v + 11. Suppose 5*r = 3*r + 4. Calculate the highest common divisor of r and v.
2
Let s be (-42)/189 - (-92)/9. Calculate the greatest common factor of 160 and s.
10
Let l(i) = -10*i**3 - 2*i**2 - 3*i - 2. Let q be l(-1). Suppose -4*f - 39 = -s, -4*s - 2*f = -89 - 13. What is the greatest common factor of s and q?
9
Let s = 220 + -132. Let j = 8 + 2. Suppose -j - 1 = -w. Calculate the highest common factor of w and s.
11
Let h be (-3 - 32/(-4))*5. What is the greatest common factor of h and 5?
5
Let o be ((-504)/28)/((-1)/14). Calculate the highest common factor of 28 and o.
28
Suppose -w - 54 = -3*j + 21, 2*j = w + 49. What is the highest common divisor of j and 39?
13
Suppose 4*b = -3*q + 114, b = -q + 13 + 15. Let x = b + -21. What is the highest common factor of x and 81?
9
Let v be 2*(1/(-2) + 0). Let l be 1*v/1 - -15. Let c be (4 - 45/6)*-10. What is the greatest common factor of c and l?
7
Let f(n) = n**2 + 4*n. Let z be f(-5). Suppose -z*l - 290 = -0*l. Let r = 123 + l. Calculate the highest common factor of 26 and r.
13
Let a(w) = -w**3 + 8*w**2 + 10*w + 13. Let i be a(9). Let r be ((-1)/2)/(-1)*i. What is the highest common divisor of 55 and r?
11
Let g be 352/10*25/(-5). Let s be g/(-18) - (-6)/27. Let c be 2/(-6) - (-31)/3. What is the greatest common factor of c and s?
10
Suppose 5*y - y - 44 = 0. What is the highest common factor of y and 33?
11
Suppose -3*u + 22 = -2*u. Let a(p) = -p**3 + 6*p**2 + 7*p + 2. Let c be a(7). What is the highest common factor of c and u?
2
Suppose 2*n + 5*b - 17 = 0, b = -n - 0*n + 10. Calculate the highest common factor of 44 and n.
11
Suppose 5*p - 2*n = 3 + 35, -4*p - 4*n = -36. Let b be (-4)/14 - (-114)/7. Calculate the highest common divisor of b and p.
8
Let i be 9/(108/(-570))*(-16)/10. Let j be (-116)/(-3) - 4/6. What is the highest common divisor of j and i?
38
Let r be 21*(-2 + (-22)/(-6)). Let p = 34 + -20. What is the highest common divisor of p and r?
7
Let t(w) = -3*w + 2. Let j be t(-4). Let m be (-1014)/(-9) + 4/(-6). What is the highest common factor of m and j?
14
Suppose q - 3*w - 9 = 0, 2*w = q + 4*w - 24. Let u = q + -4. Calculate the greatest common factor of u and 2.
2
Let f(w) = w**2 + 2*w + 3. Let m be f(-2). Let t be (m - (-4)/(-2)) + 38. Let s(v) = 3*v - 20. Let c be s(11). What is the greatest common divisor of c and t?
13
Suppose 0 = -2*m + 8 - 4. Suppose 3 = -2*j + 5*b - m*b, 0 = j + 2*b - 16. What is the greatest common divisor of j and 6?
6
Let v = 16 + 8. Let n = 46 - 30. Calculate the greatest common divisor of v and n.
8
Let q(t) = 26*t**2 + t - 3. Let d be q(-2). Suppose 3*a - 75 = -5*j - a, 2*j = -4*a + 42. Calculate the greatest common factor of j and d.
11
Let t(j) = 57*j - 3. Let m be t(4). Calculate the greatest common divisor of m and 25.
25
Suppose s + 5*r - 19 - 21 = 0, 0 = 5*s - 5*r - 140. Calculate the greatest common divisor of 330 and s.
30
Let p = 78 + -6. Calculate the greatest common factor of 8 and p.
8
Let n = 137 + -96. Calculate the greatest common factor of 369 and n.
41
Let g be (-35 + -1)/((-3)/4). Calculate the greatest common factor of g and 240.
48
Suppose 0 = -3*h + 152 - 17. Suppose -3*p + 0*p = -h. Calculate the greatest common factor of p and 5.
5
Let x(v) = v**3 + 8*v**2 + 7*v. Let h be x(-5). Let m(j) = j**3 - 18*j**2 - 3*j + 58. Let r be m(18). What is the highest common divisor of r and h?
4
Suppose 3*m + 3*d = 5 + 7, 4*m + 5*d = 14. Let t be 10/(-4)*(-162)/135. Calculate the highest common divisor of t and m.
3
Let c(z) = -z**2 - 7*z + 6. Let w be c(-7). Let j = w + 14. What is the highest common divisor of j and 8?
4
Suppose 0 = 5*h + 5*q - 75, -h + 4*q + 37 = -3. Let b = h - 6. Calculate the highest common factor of 14 and b.
14
Let q(m) = -2*m**2 + 51*m + 38. Let b be q(26). Let x(y) = 3*y**2. Let h be x(-6). Calculate the greatest common factor of b and h.
12
Let k be (-5727)/(-39) + (-4)/(-26). What is the greatest common factor of 21 and k?
21
Let x = -159 + 57. Let a = 192 + x. Calculate the highest common factor of 10 and a.
10
Suppose o = 11 + 1. Calculate the highest common divisor of o and 3.
3
Suppose 3*u + 4*b - 3 = 36, -5*u